ate the greatest common factor of 916 and 24.
4
What is the highest common factor of 6346 and 38?
38
What is the highest common divisor of 4 and 4?
4
Calculate the highest common divisor of 10 and 370.
10
Calculate the highest common factor of 8153 and 62.
31
What is the greatest common factor of 4 and 1472?
4
What is the highest common factor of 447 and 90?
3
Calculate the greatest common divisor of 18 and 4041.
9
What is the highest common divisor of 20 and 790?
10
What is the greatest common factor of 8 and 50?
2
Calculate the greatest common divisor of 1404 and 1664.
52
Calculate the greatest common divisor of 364 and 126.
14
What is the greatest common factor of 21 and 2247?
21
Calculate the highest common factor of 876 and 12.
12
Calculate the highest common divisor of 355 and 5.
5
What is the highest common factor of 1353 and 615?
123
What is the greatest common divisor of 16 and 12?
4
Calculate the highest common divisor of 18944 and 74.
74
What is the highest common factor of 4824 and 134?
134
What is the highest common factor of 12 and 222?
6
What is the highest common factor of 372 and 12?
12
What is the greatest common divisor of 185 and 2849?
37
Calculate the greatest common factor of 9285 and 60.
15
Calculate the greatest common divisor of 6 and 21.
3
Calculate the highest common divisor of 35252 and 56.
28
Calculate the greatest common divisor of 50770 and 10.
10
What is the highest common divisor of 351 and 13?
13
Calculate the highest common divisor of 1578 and 192.
6
Calculate the highest common factor of 10533 and 9.
3
What is the greatest common factor of 6 and 12?
6
What is the highest common divisor of 835 and 205?
5
What is the greatest common factor of 712 and 89?
89
What is the highest common divisor of 23490 and 2175?
435
Calculate the greatest common divisor of 5 and 815.
5
Calculate the highest common divisor of 26 and 338.
26
What is the greatest common factor of 1056 and 16?
16
Calculate the highest common divisor of 518 and 74.
74
What is the highest common divisor of 1449 and 189?
63
Calculate the highest common factor of 771 and 20303.
257
What is the highest common divisor of 76 and 9082?
38
Calculate the highest common divisor of 260 and 2548.
52
What is the highest common factor of 5 and 230?
5
What is the highest common divisor of 201 and 335?
67
Calculate the greatest common factor of 104 and 56.
8
What is the highest common factor of 51 and 2805?
51
What is the highest common factor of 642 and 6527?
107
Calculate the greatest common factor of 25 and 9925.
25
Calculate the highest common factor of 54 and 576.
18
Calculate the highest common factor of 28 and 252.
28
Calculate the highest common factor of 20 and 122.
2
Calculate the highest common factor of 2413 and 2159.
127
What is the highest common divisor of 132 and 60?
12
What is the highest common divisor of 4662 and 1813?
259
What is the greatest common divisor of 276 and 540?
12
What is the highest common factor of 1856 and 580?
116
Calculate the greatest common factor of 5152 and 2.
2
Calculate the greatest common factor of 168 and 196.
28
Calculate the highest common factor of 5 and 320.
5
What is the greatest common divisor of 696 and 114?
6
What is the greatest common factor of 50 and 475?
25
What is the highest common factor of 28 and 3304?
28
Calculate the greatest common factor of 6496 and 1015.
203
What is the highest common divisor of 1350 and 200?
50
Calculate the highest common factor of 117 and 2652.
39
Calculate the highest common divisor of 44 and 110.
22
What is the greatest common factor of 14 and 3521?
7
What is the greatest common divisor of 82 and 7421?
41
Calculate the greatest common divisor of 72 and 13896.
72
What is the highest common factor of 245 and 196?
49
What is the greatest common divisor of 17 and 51?
17
Calculate the highest common factor of 15100 and 5.
5
What is the highest common factor of 17984 and 64?
64
What is the highest common factor of 9786 and 24?
6
What is the highest common divisor of 110 and 480?
10
Calculate the greatest common divisor of 2 and 2893.
1
What is the greatest common factor of 35 and 1015?
35
What is the greatest common divisor of 13 and 75127?
13
Calculate the greatest common factor of 36 and 1089.
9
What is the highest common factor of 876 and 34748?
292
What is the greatest common divisor of 3402 and 126?
126
Calculate the greatest common divisor of 72 and 24.
24
What is the greatest common factor of 40 and 140?
20
What is the highest common factor of 1209 and 6324?
93
What is the greatest common divisor of 1463 and 14?
7
Calculate the highest common divisor of 189 and 27.
27
What is the greatest common divisor of 107 and 214?
107
What is the greatest common divisor of 54 and 2133?
27
Calculate the greatest common divisor of 7 and 6419.
7
What is the highest common factor of 128 and 39232?
64
Calculate the greatest common divisor of 7040 and 8.
8
Calculate the highest common divisor of 51 and 442.
17
Calculate the highest common factor of 784 and 7.
7
What is the greatest common divisor of 33 and 48?
3
Calculate the greatest common divisor of 355 and 994.
71
What is the greatest common divisor of 741 and 273?
39
What is the highest common factor of 697 and 136?
17
What is the highest common factor of 6 and 501?
3
Calculate the greatest common factor of 51 and 1275.
51
What is the greatest common factor of 264 and 33?
33
Calculate the highest common divisor of 1336 and 8.
8
What is the highest common factor of 21408 and 96?
96
Calculate the greatest common factor of 32246 and 46.
46
What is the greatest common divisor of 120 and 24?
24
Calculate the highest common divisor of 1 and 9.
1
What is the highest common factor of 31 and 3286?
31
What is the highest common factor of 2 and 758?
2
What is the highest common divisor of 31 and 2?
1
What is the greatest common factor of 52 and 200?
4
What is the greatest common factor of 325 and 25?
25
What is the greatest common factor of 60 and 17130?
30
Calculate the highest common divisor of 96 and 9.
3
What is the highest common divisor of 1720 and 80?
40
What is the greatest common factor of 63 and 182?
7
What is the greatest common divisor of 120 and 400?
40
Calculate the greatest common divisor of 60 and 235.
5
Calculate the greatest common divisor of 43 and 1591.
43
What is the greatest common factor of 7047 and 29?
29
What is the highest common factor of 28 and 188?
4
What is the highest common divisor of 9 and 288?
9
Calculate the greatest common divisor of 1100 and 176.
44
What is the greatest common factor of 46 and 7774?
46
Calculate the greatest common divisor of 12 and 150.
6
What is the greatest common divisor of 154 and 1221?
11
Calculate the greatest common factor of 387 and 301.
43
What is the highest common divisor of 114 and 46?
2
Calculate the greatest common factor of 232 and 16.
8
What is the greatest common factor of 9214 and 68?
34
What is the greatest common divisor of 286 and 176?
22
Calculate the highest common factor of 4747 and 101.
101
Calculate the greatest common divisor of 836 and 616.
44
What is the greatest common divisor of 238 and 98?
14
Calculate the greatest common divisor of 660 and 150.
30
Calculate the greatest common divisor of 18 and 738.
18
Calculate the greatest common factor of 413 and 28.
7
What is the highest common divisor of 47 and 329?
47
What is the greatest common divisor of 1440 and 234?
18
What is the highest common divisor of 135 and 16515?
45
Calculate the greatest common factor of 1066 and 78.
26
Calculate the highest common divisor of 221 and 17.
17
What is the highest common factor of 328 and 574?
82
Calculate the highest common divisor of 429 and 78.
39
Calculate the greatest common factor of 4144 and 14.
14
What is the greatest common factor of 7055 and 170?
85
What is the greatest common factor of 1376 and 86?
86
Calculate the greatest common divisor of 163 and 19723.
163
What is the highest common factor of 1065 and 15?
15
What is the highest common divisor of 476 and 3196?
68
What is the highest common divisor of 1700 and 300?
100
What is the greatest common factor of 81 and 3051?
27
Calculate the highest common divisor of 667 and 69.
23
What is the highest common factor of 14 a